{"id":356,"date":"2021-01-09T14:41:20","date_gmt":"2021-01-09T13:41:20","guid":{"rendered":"http:\/\/www.actionenvironnementbeauvechain.be\/?page_id=356"},"modified":"2021-01-16T18:23:30","modified_gmt":"2021-01-16T17:23:30","slug":"saint-martin-2000-briques-a-brac","status":"publish","type":"page","link":"https:\/\/www.actionenvironnementbeauvechain.be\/?page_id=356","title":{"rendered":"Saint-Martin 2000 &#8211; Briques \u00e0 brac"},"content":{"rendered":"\n<p>En marge des f\u00eates de la Saint-Martin, \u00e0 Beauvechain, l\u2019asbl<\/p>\n\n\n\n<p><strong>ACTION ENVIRONNEMENT BEAUVECHAIN<\/strong><\/p>\n\n\n\n<p>organise<\/p>\n\n\n\n<p><strong>l\u2019EXPOSITION<\/strong><\/p>\n\n\n\n<p><strong>\u00ab&nbsp;BRIQUES-A-BRAC?&nbsp;\u00bb<\/strong><\/p>\n\n\n\n<p>La pr\u00e9servation de la ruralit\u00e9 dans nos villages passe non seulement par la ma\u00eetrise du d\u00e9veloppement de l\u2019habitat, mais aussi par la promotion d\u2019une <strong>ARCHITECTURE CONTEMPORAINE INTEGREE EN MILIEU RURAL<\/strong><\/p>\n\n\n\n<ul class=\"wp-block-list\"><li>Un peu de <strong>th\u00e9orie<\/strong>,<\/li><li>beaucoup de <strong>photos<\/strong> de nouvelles maisons int\u00e9gr\u00e9es \u00e0 leur contexte villageois typiquement hesbignon,<\/li><li>des <strong>animations<\/strong> pour enfants,<\/li><li>le regard humoristique du <strong>cartooniste Sten<\/strong>\u2026<\/li><\/ul>\n\n\n\n<p>\u2026 vous permettront de d\u00e9couvrir que l\u2019architecture contemporaine peut bel et bien contribuer \u00e0 la convivialit\u00e9 des villages hesbignons.<\/p>\n\n\n\n<p><strong>\u00ab&nbsp;BRIQUES-A-BRAC?&nbsp;\u00bb<\/strong>. <strong>Pour que nos villages puissent \u00e9voluer sans devenir un bric-\u00e0-brac\u2026<\/strong><\/p>\n\n\n\n<p><strong>A NE PAS MANQUER DONC&nbsp;!<\/strong><\/p>\n","protected":false},"excerpt":{"rendered":"<p>En marge des f\u00eates de la Saint-Martin, \u00e0 Beauvechain, l\u2019asbl ACTION ENVIRONNEMENT BEAUVECHAIN organise l\u2019EXPOSITION \u00ab&nbsp;BRIQUES-A-BRAC?&nbsp;\u00bb La pr\u00e9servation de la ruralit\u00e9 dans nos villages passe non seulement par la ma\u00eetrise du d\u00e9veloppement de l\u2019habitat, mais aussi par la promotion d\u2019une ARCHITECTURE CONTEMPORAINE INTEGREE EN MILIEU RURAL Un peu de th\u00e9orie, beaucoup de photos de nouvelles &hellip;<\/p>\n<p class=\"read-more\"> <a class=\"\" href=\"https:\/\/www.actionenvironnementbeauvechain.be\/?page_id=356\"> <span class=\"screen-reader-text\">Saint-Martin 2000 &#8211; Briques \u00e0 brac<\/span> Lire la suite\u00a0\u00bb<\/a><\/p>\n","protected":false},"author":1,"featured_media":0,"parent":0,"menu_order":0,"comment_status":"closed","ping_status":"closed","template":"","meta":{"site-sidebar-layout":"default","site-content-layout":"default","ast-main-header-display":"","ast-hfb-above-header-display":"","ast-hfb-below-header-display":"","ast-hfb-mobile-header-display":"","site-post-title":"","ast-breadcrumbs-content":"","ast-featured-img":"","footer-sml-layout":"","theme-transparent-header-meta":"default","adv-header-id-meta":"","stick-header-meta":"","header-above-stick-meta":"","header-main-stick-meta":"","header-below-stick-meta":"","footnotes":""},"class_list":["post-356","page","type-page","status-publish","hentry"],"yoast_head":"<!-- This site is optimized with the Yoast SEO plugin v27.4 - https:\/\/yoast.com\/product\/yoast-seo-wordpress\/ -->\n<title>Saint-Martin 2000 - Briques \u00e0 brac - Action Environnement Beauvechain asbl<\/title>\n<meta name=\"robots\" content=\"index, follow, max-snippet:-1, max-image-preview:large, max-video-preview:-1\" \/>\n<link rel=\"canonical\" href=\"https:\/\/www.actionenvironnementbeauvechain.be\/?page_id=356\" \/>\n<meta property=\"og:locale\" content=\"fr_FR\" \/>\n<meta property=\"og:type\" content=\"article\" \/>\n<meta property=\"og:title\" content=\"Saint-Martin 2000 - Briques \u00e0 brac - Action Environnement Beauvechain asbl\" \/>\n<meta property=\"og:description\" content=\"En marge des f\u00eates de la Saint-Martin, \u00e0 Beauvechain, l\u2019asbl ACTION ENVIRONNEMENT BEAUVECHAIN organise l\u2019EXPOSITION \u00ab&nbsp;BRIQUES-A-BRAC?&nbsp;\u00bb La pr\u00e9servation de la ruralit\u00e9 dans nos villages passe non seulement par la ma\u00eetrise du d\u00e9veloppement de l\u2019habitat, mais aussi par la promotion d\u2019une ARCHITECTURE CONTEMPORAINE INTEGREE EN MILIEU RURAL Un peu de th\u00e9orie, beaucoup de photos de nouvelles &hellip; Saint-Martin 2000 &#8211; Briques \u00e0 brac Lire la suite\u00a0\u00bb\" \/>\n<meta property=\"og:url\" content=\"https:\/\/www.actionenvironnementbeauvechain.be\/?page_id=356\" \/>\n<meta property=\"og:site_name\" content=\"Action Environnement Beauvechain asbl\" \/>\n<meta property=\"article:publisher\" content=\"https:\/\/www.facebook.com\/ActionEnvironnementBeauvechain\" \/>\n<meta property=\"article:modified_time\" content=\"2021-01-16T17:23:30+00:00\" \/>\n<meta name=\"twitter:card\" content=\"summary_large_image\" \/>\n<meta name=\"twitter:label1\" content=\"Dur\u00e9e de lecture estim\u00e9e\" \/>\n\t<meta name=\"twitter:data1\" content=\"1 minute\" \/>\n<script type=\"application\/ld+json\" class=\"yoast-schema-graph\">{\"@context\":\"https:\\\/\\\/schema.org\",\"@graph\":[{\"@type\":\"WebPage\",\"@id\":\"https:\\\/\\\/www.actionenvironnementbeauvechain.be\\\/?page_id=356\",\"url\":\"https:\\\/\\\/www.actionenvironnementbeauvechain.be\\\/?page_id=356\",\"name\":\"Saint-Martin 2000 - Briques \u00e0 brac - Action Environnement Beauvechain asbl\",\"isPartOf\":{\"@id\":\"https:\\\/\\\/www.actionenvironnementbeauvechain.be\\\/#website\"},\"datePublished\":\"2021-01-09T13:41:20+00:00\",\"dateModified\":\"2021-01-16T17:23:30+00:00\",\"breadcrumb\":{\"@id\":\"https:\\\/\\\/www.actionenvironnementbeauvechain.be\\\/?page_id=356#breadcrumb\"},\"inLanguage\":\"fr-FR\",\"potentialAction\":[{\"@type\":\"ReadAction\",\"target\":[\"https:\\\/\\\/www.actionenvironnementbeauvechain.be\\\/?page_id=356\"]}]},{\"@type\":\"BreadcrumbList\",\"@id\":\"https:\\\/\\\/www.actionenvironnementbeauvechain.be\\\/?page_id=356#breadcrumb\",\"itemListElement\":[{\"@type\":\"ListItem\",\"position\":1,\"name\":\"Accueil\",\"item\":\"https:\\\/\\\/www.actionenvironnementbeauvechain.be\\\/\"},{\"@type\":\"ListItem\",\"position\":2,\"name\":\"Saint-Martin 2000 &#8211; Briques \u00e0 brac\"}]},{\"@type\":\"WebSite\",\"@id\":\"https:\\\/\\\/www.actionenvironnementbeauvechain.be\\\/#website\",\"url\":\"https:\\\/\\\/www.actionenvironnementbeauvechain.be\\\/\",\"name\":\"Action Environnement Beauvechain asbl\",\"description\":\"Penser globalement, agir localement\",\"publisher\":{\"@id\":\"https:\\\/\\\/www.actionenvironnementbeauvechain.be\\\/#organization\"},\"potentialAction\":[{\"@type\":\"SearchAction\",\"target\":{\"@type\":\"EntryPoint\",\"urlTemplate\":\"https:\\\/\\\/www.actionenvironnementbeauvechain.be\\\/?s={search_term_string}\"},\"query-input\":{\"@type\":\"PropertyValueSpecification\",\"valueRequired\":true,\"valueName\":\"search_term_string\"}}],\"inLanguage\":\"fr-FR\"},{\"@type\":\"Organization\",\"@id\":\"https:\\\/\\\/www.actionenvironnementbeauvechain.be\\\/#organization\",\"name\":\"Action Environnement Beauvechain\",\"url\":\"https:\\\/\\\/www.actionenvironnementbeauvechain.be\\\/\",\"logo\":{\"@type\":\"ImageObject\",\"inLanguage\":\"fr-FR\",\"@id\":\"https:\\\/\\\/www.actionenvironnementbeauvechain.be\\\/#\\\/schema\\\/logo\\\/image\\\/\",\"url\":\"https:\\\/\\\/www.actionenvironnementbeauvechain.be\\\/wp-content\\\/uploads\\\/2021\\\/02\\\/AEB3.jpg\",\"contentUrl\":\"https:\\\/\\\/www.actionenvironnementbeauvechain.be\\\/wp-content\\\/uploads\\\/2021\\\/02\\\/AEB3.jpg\",\"width\":584,\"height\":518,\"caption\":\"Action Environnement Beauvechain\"},\"image\":{\"@id\":\"https:\\\/\\\/www.actionenvironnementbeauvechain.be\\\/#\\\/schema\\\/logo\\\/image\\\/\"},\"sameAs\":[\"https:\\\/\\\/www.facebook.com\\\/ActionEnvironnementBeauvechain\"]}]}<\/script>\n<!-- \/ Yoast SEO plugin. -->","yoast_head_json":{"title":"Saint-Martin 2000 - Briques \u00e0 brac - Action Environnement Beauvechain asbl","robots":{"index":"index","follow":"follow","max-snippet":"max-snippet:-1","max-image-preview":"max-image-preview:large","max-video-preview":"max-video-preview:-1"},"canonical":"https:\/\/www.actionenvironnementbeauvechain.be\/?page_id=356","og_locale":"fr_FR","og_type":"article","og_title":"Saint-Martin 2000 - Briques \u00e0 brac - Action Environnement Beauvechain asbl","og_description":"En marge des f\u00eates de la Saint-Martin, \u00e0 Beauvechain, l\u2019asbl ACTION ENVIRONNEMENT BEAUVECHAIN organise l\u2019EXPOSITION \u00ab&nbsp;BRIQUES-A-BRAC?&nbsp;\u00bb La pr\u00e9servation de la ruralit\u00e9 dans nos villages passe non seulement par la ma\u00eetrise du d\u00e9veloppement de l\u2019habitat, mais aussi par la promotion d\u2019une ARCHITECTURE CONTEMPORAINE INTEGREE EN MILIEU RURAL Un peu de th\u00e9orie, beaucoup de photos de nouvelles &hellip; Saint-Martin 2000 &#8211; Briques \u00e0 brac Lire la suite\u00a0\u00bb","og_url":"https:\/\/www.actionenvironnementbeauvechain.be\/?page_id=356","og_site_name":"Action Environnement Beauvechain asbl","article_publisher":"https:\/\/www.facebook.com\/ActionEnvironnementBeauvechain","article_modified_time":"2021-01-16T17:23:30+00:00","twitter_card":"summary_large_image","twitter_misc":{"Dur\u00e9e de lecture estim\u00e9e":"1 minute"},"schema":{"@context":"https:\/\/schema.org","@graph":[{"@type":"WebPage","@id":"https:\/\/www.actionenvironnementbeauvechain.be\/?page_id=356","url":"https:\/\/www.actionenvironnementbeauvechain.be\/?page_id=356","name":"Saint-Martin 2000 - Briques \u00e0 brac - Action Environnement Beauvechain asbl","isPartOf":{"@id":"https:\/\/www.actionenvironnementbeauvechain.be\/#website"},"datePublished":"2021-01-09T13:41:20+00:00","dateModified":"2021-01-16T17:23:30+00:00","breadcrumb":{"@id":"https:\/\/www.actionenvironnementbeauvechain.be\/?page_id=356#breadcrumb"},"inLanguage":"fr-FR","potentialAction":[{"@type":"ReadAction","target":["https:\/\/www.actionenvironnementbeauvechain.be\/?page_id=356"]}]},{"@type":"BreadcrumbList","@id":"https:\/\/www.actionenvironnementbeauvechain.be\/?page_id=356#breadcrumb","itemListElement":[{"@type":"ListItem","position":1,"name":"Accueil","item":"https:\/\/www.actionenvironnementbeauvechain.be\/"},{"@type":"ListItem","position":2,"name":"Saint-Martin 2000 &#8211; Briques \u00e0 brac"}]},{"@type":"WebSite","@id":"https:\/\/www.actionenvironnementbeauvechain.be\/#website","url":"https:\/\/www.actionenvironnementbeauvechain.be\/","name":"Action Environnement Beauvechain asbl","description":"Penser globalement, agir localement","publisher":{"@id":"https:\/\/www.actionenvironnementbeauvechain.be\/#organization"},"potentialAction":[{"@type":"SearchAction","target":{"@type":"EntryPoint","urlTemplate":"https:\/\/www.actionenvironnementbeauvechain.be\/?s={search_term_string}"},"query-input":{"@type":"PropertyValueSpecification","valueRequired":true,"valueName":"search_term_string"}}],"inLanguage":"fr-FR"},{"@type":"Organization","@id":"https:\/\/www.actionenvironnementbeauvechain.be\/#organization","name":"Action Environnement Beauvechain","url":"https:\/\/www.actionenvironnementbeauvechain.be\/","logo":{"@type":"ImageObject","inLanguage":"fr-FR","@id":"https:\/\/www.actionenvironnementbeauvechain.be\/#\/schema\/logo\/image\/","url":"https:\/\/www.actionenvironnementbeauvechain.be\/wp-content\/uploads\/2021\/02\/AEB3.jpg","contentUrl":"https:\/\/www.actionenvironnementbeauvechain.be\/wp-content\/uploads\/2021\/02\/AEB3.jpg","width":584,"height":518,"caption":"Action Environnement Beauvechain"},"image":{"@id":"https:\/\/www.actionenvironnementbeauvechain.be\/#\/schema\/logo\/image\/"},"sameAs":["https:\/\/www.facebook.com\/ActionEnvironnementBeauvechain"]}]}},"_links":{"self":[{"href":"https:\/\/www.actionenvironnementbeauvechain.be\/index.php?rest_route=\/wp\/v2\/pages\/356","targetHints":{"allow":["GET"]}}],"collection":[{"href":"https:\/\/www.actionenvironnementbeauvechain.be\/index.php?rest_route=\/wp\/v2\/pages"}],"about":[{"href":"https:\/\/www.actionenvironnementbeauvechain.be\/index.php?rest_route=\/wp\/v2\/types\/page"}],"author":[{"embeddable":true,"href":"https:\/\/www.actionenvironnementbeauvechain.be\/index.php?rest_route=\/wp\/v2\/users\/1"}],"replies":[{"embeddable":true,"href":"https:\/\/www.actionenvironnementbeauvechain.be\/index.php?rest_route=%2Fwp%2Fv2%2Fcomments&post=356"}],"version-history":[{"count":3,"href":"https:\/\/www.actionenvironnementbeauvechain.be\/index.php?rest_route=\/wp\/v2\/pages\/356\/revisions"}],"predecessor-version":[{"id":857,"href":"https:\/\/www.actionenvironnementbeauvechain.be\/index.php?rest_route=\/wp\/v2\/pages\/356\/revisions\/857"}],"wp:attachment":[{"href":"https:\/\/www.actionenvironnementbeauvechain.be\/index.php?rest_route=%2Fwp%2Fv2%2Fmedia&parent=356"}],"curies":[{"name":"wp","href":"https:\/\/api.w.org\/{rel}","templated":true}]}}