{"id":2547,"date":"2022-04-17T08:01:21","date_gmt":"2022-04-17T06:01:21","guid":{"rendered":"https:\/\/www.actionenvironnementbeauvechain.be\/?page_id=2547"},"modified":"2022-04-17T08:01:22","modified_gmt":"2022-04-17T06:01:22","slug":"2022-au-nom-de-la-beaute","status":"publish","type":"page","link":"https:\/\/www.actionenvironnementbeauvechain.be\/?page_id=2547","title":{"rendered":"2022 Au nom de la beaut\u00e9&#8230;"},"content":{"rendered":"\n<p>Reprise des activit\u00e9s? Esp\u00e9rons\u2026 mais attention, le CST sera obligatoire, munissez-vous de vos certificats\u2026 et de vos masques!<\/p>\n\n\n\n<figure class=\"wp-block-image\"><img loading=\"lazy\" decoding=\"async\" width=\"1024\" height=\"753\" src=\"https:\/\/www.actionenvironnementbeauvechain.be\/wp-content\/uploads\/2022\/02\/Affiche-beaute-3-1024x753.jpg\" alt=\"\" class=\"wp-image-2544\" srcset=\"https:\/\/www.actionenvironnementbeauvechain.be\/wp-content\/uploads\/2022\/02\/Affiche-beaute-3-1024x753.jpg 1024w, https:\/\/www.actionenvironnementbeauvechain.be\/wp-content\/uploads\/2022\/02\/Affiche-beaute-3-300x221.jpg 300w, https:\/\/www.actionenvironnementbeauvechain.be\/wp-content\/uploads\/2022\/02\/Affiche-beaute-3-768x565.jpg 768w, https:\/\/www.actionenvironnementbeauvechain.be\/wp-content\/uploads\/2022\/02\/Affiche-beaute-3.jpg 1154w\" sizes=\"auto, (max-width: 1024px) 100vw, 1024px\" \/><\/figure>\n","protected":false},"excerpt":{"rendered":"<p>Reprise des activit\u00e9s? Esp\u00e9rons\u2026 mais attention, le CST sera obligatoire, munissez-vous de vos certificats\u2026 et de vos masques!<\/p>\n","protected":false},"author":1,"featured_media":0,"parent":0,"menu_order":0,"comment_status":"closed","ping_status":"closed","template":"","meta":{"site-sidebar-layout":"default","site-content-layout":"default","ast-main-header-display":"","ast-hfb-above-header-display":"","ast-hfb-below-header-display":"","ast-hfb-mobile-header-display":"","site-post-title":"","ast-breadcrumbs-content":"","ast-featured-img":"","footer-sml-layout":"","theme-transparent-header-meta":"","adv-header-id-meta":"","stick-header-meta":"","header-above-stick-meta":"","header-main-stick-meta":"","header-below-stick-meta":"","footnotes":""},"class_list":["post-2547","page","type-page","status-publish","hentry"],"yoast_head":"<!-- This site is optimized with the Yoast SEO plugin v27.4 - https:\/\/yoast.com\/product\/yoast-seo-wordpress\/ -->\n<title>2022 Au nom de la beaut\u00e9... - Action Environnement Beauvechain asbl<\/title>\n<meta name=\"robots\" content=\"index, follow, max-snippet:-1, max-image-preview:large, max-video-preview:-1\" \/>\n<link rel=\"canonical\" href=\"https:\/\/www.actionenvironnementbeauvechain.be\/?page_id=2547\" \/>\n<meta property=\"og:locale\" content=\"fr_FR\" \/>\n<meta property=\"og:type\" content=\"article\" \/>\n<meta property=\"og:title\" content=\"2022 Au nom de la beaut\u00e9... - Action Environnement Beauvechain asbl\" \/>\n<meta property=\"og:description\" content=\"Reprise des activit\u00e9s? Esp\u00e9rons\u2026 mais attention, le CST sera obligatoire, munissez-vous de vos certificats\u2026 et de vos masques!\" \/>\n<meta property=\"og:url\" content=\"https:\/\/www.actionenvironnementbeauvechain.be\/?page_id=2547\" \/>\n<meta property=\"og:site_name\" content=\"Action Environnement Beauvechain asbl\" \/>\n<meta property=\"article:publisher\" content=\"https:\/\/www.facebook.com\/ActionEnvironnementBeauvechain\" \/>\n<meta property=\"article:modified_time\" content=\"2022-04-17T06:01:22+00:00\" \/>\n<meta property=\"og:image\" content=\"https:\/\/www.actionenvironnementbeauvechain.be\/wp-content\/uploads\/2022\/02\/Affiche-beaute-3-1024x753.jpg\" \/>\n<meta name=\"twitter:card\" content=\"summary_large_image\" \/>\n<meta name=\"twitter:label1\" content=\"Dur\u00e9e de lecture estim\u00e9e\" \/>\n\t<meta name=\"twitter:data1\" content=\"1 minute\" \/>\n<script type=\"application\/ld+json\" class=\"yoast-schema-graph\">{\"@context\":\"https:\\\/\\\/schema.org\",\"@graph\":[{\"@type\":\"WebPage\",\"@id\":\"https:\\\/\\\/www.actionenvironnementbeauvechain.be\\\/?page_id=2547\",\"url\":\"https:\\\/\\\/www.actionenvironnementbeauvechain.be\\\/?page_id=2547\",\"name\":\"2022 Au nom de la beaut\u00e9... - Action Environnement Beauvechain asbl\",\"isPartOf\":{\"@id\":\"https:\\\/\\\/www.actionenvironnementbeauvechain.be\\\/#website\"},\"primaryImageOfPage\":{\"@id\":\"https:\\\/\\\/www.actionenvironnementbeauvechain.be\\\/?page_id=2547#primaryimage\"},\"image\":{\"@id\":\"https:\\\/\\\/www.actionenvironnementbeauvechain.be\\\/?page_id=2547#primaryimage\"},\"thumbnailUrl\":\"https:\\\/\\\/www.actionenvironnementbeauvechain.be\\\/wp-content\\\/uploads\\\/2022\\\/02\\\/Affiche-beaute-3-1024x753.jpg\",\"datePublished\":\"2022-04-17T06:01:21+00:00\",\"dateModified\":\"2022-04-17T06:01:22+00:00\",\"breadcrumb\":{\"@id\":\"https:\\\/\\\/www.actionenvironnementbeauvechain.be\\\/?page_id=2547#breadcrumb\"},\"inLanguage\":\"fr-FR\",\"potentialAction\":[{\"@type\":\"ReadAction\",\"target\":[\"https:\\\/\\\/www.actionenvironnementbeauvechain.be\\\/?page_id=2547\"]}]},{\"@type\":\"ImageObject\",\"inLanguage\":\"fr-FR\",\"@id\":\"https:\\\/\\\/www.actionenvironnementbeauvechain.be\\\/?page_id=2547#primaryimage\",\"url\":\"https:\\\/\\\/www.actionenvironnementbeauvechain.be\\\/wp-content\\\/uploads\\\/2022\\\/02\\\/Affiche-beaute-3.jpg\",\"contentUrl\":\"https:\\\/\\\/www.actionenvironnementbeauvechain.be\\\/wp-content\\\/uploads\\\/2022\\\/02\\\/Affiche-beaute-3.jpg\",\"width\":1154,\"height\":849},{\"@type\":\"BreadcrumbList\",\"@id\":\"https:\\\/\\\/www.actionenvironnementbeauvechain.be\\\/?page_id=2547#breadcrumb\",\"itemListElement\":[{\"@type\":\"ListItem\",\"position\":1,\"name\":\"Accueil\",\"item\":\"https:\\\/\\\/www.actionenvironnementbeauvechain.be\\\/\"},{\"@type\":\"ListItem\",\"position\":2,\"name\":\"2022 Au nom de la beaut\u00e9&#8230;\"}]},{\"@type\":\"WebSite\",\"@id\":\"https:\\\/\\\/www.actionenvironnementbeauvechain.be\\\/#website\",\"url\":\"https:\\\/\\\/www.actionenvironnementbeauvechain.be\\\/\",\"name\":\"Action Environnement Beauvechain asbl\",\"description\":\"Penser globalement, agir localement\",\"publisher\":{\"@id\":\"https:\\\/\\\/www.actionenvironnementbeauvechain.be\\\/#organization\"},\"potentialAction\":[{\"@type\":\"SearchAction\",\"target\":{\"@type\":\"EntryPoint\",\"urlTemplate\":\"https:\\\/\\\/www.actionenvironnementbeauvechain.be\\\/?s={search_term_string}\"},\"query-input\":{\"@type\":\"PropertyValueSpecification\",\"valueRequired\":true,\"valueName\":\"search_term_string\"}}],\"inLanguage\":\"fr-FR\"},{\"@type\":\"Organization\",\"@id\":\"https:\\\/\\\/www.actionenvironnementbeauvechain.be\\\/#organization\",\"name\":\"Action Environnement Beauvechain\",\"url\":\"https:\\\/\\\/www.actionenvironnementbeauvechain.be\\\/\",\"logo\":{\"@type\":\"ImageObject\",\"inLanguage\":\"fr-FR\",\"@id\":\"https:\\\/\\\/www.actionenvironnementbeauvechain.be\\\/#\\\/schema\\\/logo\\\/image\\\/\",\"url\":\"https:\\\/\\\/www.actionenvironnementbeauvechain.be\\\/wp-content\\\/uploads\\\/2021\\\/02\\\/AEB3.jpg\",\"contentUrl\":\"https:\\\/\\\/www.actionenvironnementbeauvechain.be\\\/wp-content\\\/uploads\\\/2021\\\/02\\\/AEB3.jpg\",\"width\":584,\"height\":518,\"caption\":\"Action Environnement Beauvechain\"},\"image\":{\"@id\":\"https:\\\/\\\/www.actionenvironnementbeauvechain.be\\\/#\\\/schema\\\/logo\\\/image\\\/\"},\"sameAs\":[\"https:\\\/\\\/www.facebook.com\\\/ActionEnvironnementBeauvechain\"]}]}<\/script>\n<!-- \/ Yoast SEO plugin. -->","yoast_head_json":{"title":"2022 Au nom de la beaut\u00e9... - Action Environnement Beauvechain asbl","robots":{"index":"index","follow":"follow","max-snippet":"max-snippet:-1","max-image-preview":"max-image-preview:large","max-video-preview":"max-video-preview:-1"},"canonical":"https:\/\/www.actionenvironnementbeauvechain.be\/?page_id=2547","og_locale":"fr_FR","og_type":"article","og_title":"2022 Au nom de la beaut\u00e9... - Action Environnement Beauvechain asbl","og_description":"Reprise des activit\u00e9s? Esp\u00e9rons\u2026 mais attention, le CST sera obligatoire, munissez-vous de vos certificats\u2026 et de vos masques!","og_url":"https:\/\/www.actionenvironnementbeauvechain.be\/?page_id=2547","og_site_name":"Action Environnement Beauvechain asbl","article_publisher":"https:\/\/www.facebook.com\/ActionEnvironnementBeauvechain","article_modified_time":"2022-04-17T06:01:22+00:00","og_image":[{"url":"https:\/\/www.actionenvironnementbeauvechain.be\/wp-content\/uploads\/2022\/02\/Affiche-beaute-3-1024x753.jpg","type":"","width":"","height":""}],"twitter_card":"summary_large_image","twitter_misc":{"Dur\u00e9e de lecture estim\u00e9e":"1 minute"},"schema":{"@context":"https:\/\/schema.org","@graph":[{"@type":"WebPage","@id":"https:\/\/www.actionenvironnementbeauvechain.be\/?page_id=2547","url":"https:\/\/www.actionenvironnementbeauvechain.be\/?page_id=2547","name":"2022 Au nom de la beaut\u00e9... - Action Environnement Beauvechain asbl","isPartOf":{"@id":"https:\/\/www.actionenvironnementbeauvechain.be\/#website"},"primaryImageOfPage":{"@id":"https:\/\/www.actionenvironnementbeauvechain.be\/?page_id=2547#primaryimage"},"image":{"@id":"https:\/\/www.actionenvironnementbeauvechain.be\/?page_id=2547#primaryimage"},"thumbnailUrl":"https:\/\/www.actionenvironnementbeauvechain.be\/wp-content\/uploads\/2022\/02\/Affiche-beaute-3-1024x753.jpg","datePublished":"2022-04-17T06:01:21+00:00","dateModified":"2022-04-17T06:01:22+00:00","breadcrumb":{"@id":"https:\/\/www.actionenvironnementbeauvechain.be\/?page_id=2547#breadcrumb"},"inLanguage":"fr-FR","potentialAction":[{"@type":"ReadAction","target":["https:\/\/www.actionenvironnementbeauvechain.be\/?page_id=2547"]}]},{"@type":"ImageObject","inLanguage":"fr-FR","@id":"https:\/\/www.actionenvironnementbeauvechain.be\/?page_id=2547#primaryimage","url":"https:\/\/www.actionenvironnementbeauvechain.be\/wp-content\/uploads\/2022\/02\/Affiche-beaute-3.jpg","contentUrl":"https:\/\/www.actionenvironnementbeauvechain.be\/wp-content\/uploads\/2022\/02\/Affiche-beaute-3.jpg","width":1154,"height":849},{"@type":"BreadcrumbList","@id":"https:\/\/www.actionenvironnementbeauvechain.be\/?page_id=2547#breadcrumb","itemListElement":[{"@type":"ListItem","position":1,"name":"Accueil","item":"https:\/\/www.actionenvironnementbeauvechain.be\/"},{"@type":"ListItem","position":2,"name":"2022 Au nom de la beaut\u00e9&#8230;"}]},{"@type":"WebSite","@id":"https:\/\/www.actionenvironnementbeauvechain.be\/#website","url":"https:\/\/www.actionenvironnementbeauvechain.be\/","name":"Action Environnement Beauvechain asbl","description":"Penser globalement, agir localement","publisher":{"@id":"https:\/\/www.actionenvironnementbeauvechain.be\/#organization"},"potentialAction":[{"@type":"SearchAction","target":{"@type":"EntryPoint","urlTemplate":"https:\/\/www.actionenvironnementbeauvechain.be\/?s={search_term_string}"},"query-input":{"@type":"PropertyValueSpecification","valueRequired":true,"valueName":"search_term_string"}}],"inLanguage":"fr-FR"},{"@type":"Organization","@id":"https:\/\/www.actionenvironnementbeauvechain.be\/#organization","name":"Action Environnement Beauvechain","url":"https:\/\/www.actionenvironnementbeauvechain.be\/","logo":{"@type":"ImageObject","inLanguage":"fr-FR","@id":"https:\/\/www.actionenvironnementbeauvechain.be\/#\/schema\/logo\/image\/","url":"https:\/\/www.actionenvironnementbeauvechain.be\/wp-content\/uploads\/2021\/02\/AEB3.jpg","contentUrl":"https:\/\/www.actionenvironnementbeauvechain.be\/wp-content\/uploads\/2021\/02\/AEB3.jpg","width":584,"height":518,"caption":"Action Environnement Beauvechain"},"image":{"@id":"https:\/\/www.actionenvironnementbeauvechain.be\/#\/schema\/logo\/image\/"},"sameAs":["https:\/\/www.facebook.com\/ActionEnvironnementBeauvechain"]}]}},"_links":{"self":[{"href":"https:\/\/www.actionenvironnementbeauvechain.be\/index.php?rest_route=\/wp\/v2\/pages\/2547","targetHints":{"allow":["GET"]}}],"collection":[{"href":"https:\/\/www.actionenvironnementbeauvechain.be\/index.php?rest_route=\/wp\/v2\/pages"}],"about":[{"href":"https:\/\/www.actionenvironnementbeauvechain.be\/index.php?rest_route=\/wp\/v2\/types\/page"}],"author":[{"embeddable":true,"href":"https:\/\/www.actionenvironnementbeauvechain.be\/index.php?rest_route=\/wp\/v2\/users\/1"}],"replies":[{"embeddable":true,"href":"https:\/\/www.actionenvironnementbeauvechain.be\/index.php?rest_route=%2Fwp%2Fv2%2Fcomments&post=2547"}],"version-history":[{"count":1,"href":"https:\/\/www.actionenvironnementbeauvechain.be\/index.php?rest_route=\/wp\/v2\/pages\/2547\/revisions"}],"predecessor-version":[{"id":2549,"href":"https:\/\/www.actionenvironnementbeauvechain.be\/index.php?rest_route=\/wp\/v2\/pages\/2547\/revisions\/2549"}],"wp:attachment":[{"href":"https:\/\/www.actionenvironnementbeauvechain.be\/index.php?rest_route=%2Fwp%2Fv2%2Fmedia&parent=2547"}],"curies":[{"name":"wp","href":"https:\/\/api.w.org\/{rel}","templated":true}]}}

2022 Au nom de la beauté&#8230;

<p>Reprise des activités? Espérons… mais attention, le CST sera obligatoire, munissez-vous de vos certificats… et de vos masques!</p>



<figure class="wp-block-image"><img loading="lazy" decoding="async" width="1024" height="753" src="https://www.actionenvironnementbeauvechain.be/wp-content/uploads/2022/02/Affiche-beaute-3-1024x753.jpg" alt="" class="wp-image-2544" srcset="https://www.actionenvironnementbeauvechain.be/wp-content/uploads/2022/02/Affiche-beaute-3-1024x753.jpg 1024w, https://www.actionenvironnementbeauvechain.be/wp-content/uploads/2022/02/Affiche-beaute-3-300x221.jpg 300w, https://www.actionenvironnementbeauvechain.be/wp-content/uploads/2022/02/Affiche-beaute-3-768x565.jpg 768w, https://www.actionenvironnementbeauvechain.be/wp-content/uploads/2022/02/Affiche-beaute-3.jpg 1154w" sizes="auto, (max-width: 1024px) 100vw, 1024px" /></figure>

<p>Reprise des activités? Espérons… mais attention, le CST sera obligatoire, munissez-vous de vos certificats… et de vos masques!</p>

<!-- This site is optimized with the Yoast SEO plugin v27.4 - https://yoast.com/product/yoast-seo-wordpress/ -->
<title>2022 Au nom de la beauté... - Action Environnement Beauvechain asbl</title>
<meta name="robots" content="index, follow, max-snippet:-1, max-image-preview:large, max-video-preview:-1" />
<link rel="canonical" href="https://www.actionenvironnementbeauvechain.be/?page_id=2547" />
<meta property="og:locale" content="fr_FR" />
<meta property="og:type" content="article" />
<meta property="og:title" content="2022 Au nom de la beauté... - Action Environnement Beauvechain asbl" />
<meta property="og:description" content="Reprise des activités? Espérons… mais attention, le CST sera obligatoire, munissez-vous de vos certificats… et de vos masques!" />
<meta property="og:url" content="https://www.actionenvironnementbeauvechain.be/?page_id=2547" />
<meta property="og:site_name" content="Action Environnement Beauvechain asbl" />
<meta property="article:publisher" content="https://www.facebook.com/ActionEnvironnementBeauvechain" />
<meta property="article:modified_time" content="2022-04-17T06:01:22+00:00" />
<meta property="og:image" content="https://www.actionenvironnementbeauvechain.be/wp-content/uploads/2022/02/Affiche-beaute-3-1024x753.jpg" />
<meta name="twitter:card" content="summary_large_image" />
<meta name="twitter:label1" content="Durée de lecture estimée" />
	<meta name="twitter:data1" content="1 minute" />
<script type="application/ld+json" class="yoast-schema-graph">{"@context":"https:\/\/schema.org","@graph":[{"@type":"WebPage","@id":"https:\/\/www.actionenvironnementbeauvechain.be\/?page_id=2547","url":"https:\/\/www.actionenvironnementbeauvechain.be\/?page_id=2547","name":"2022 Au nom de la beauté... - Action Environnement Beauvechain asbl","isPartOf":{"@id":"https:\/\/www.actionenvironnementbeauvechain.be\/#website"},"primaryImageOfPage":{"@id":"https:\/\/www.actionenvironnementbeauvechain.be\/?page_id=2547#primaryimage"},"image":{"@id":"https:\/\/www.actionenvironnementbeauvechain.be\/?page_id=2547#primaryimage"},"thumbnailUrl":"https:\/\/www.actionenvironnementbeauvechain.be\/wp-content\/uploads\/2022\/02\/Affiche-beaute-3-1024x753.jpg","datePublished":"2022-04-17T06:01:21+00:00","dateModified":"2022-04-17T06:01:22+00:00","breadcrumb":{"@id":"https:\/\/www.actionenvironnementbeauvechain.be\/?page_id=2547#breadcrumb"},"inLanguage":"fr-FR","potentialAction":[{"@type":"ReadAction","target":["https:\/\/www.actionenvironnementbeauvechain.be\/?page_id=2547"]}]},{"@type":"ImageObject","inLanguage":"fr-FR","@id":"https:\/\/www.actionenvironnementbeauvechain.be\/?page_id=2547#primaryimage","url":"https:\/\/www.actionenvironnementbeauvechain.be\/wp-content\/uploads\/2022\/02\/Affiche-beaute-3.jpg","contentUrl":"https:\/\/www.actionenvironnementbeauvechain.be\/wp-content\/uploads\/2022\/02\/Affiche-beaute-3.jpg","width":1154,"height":849},{"@type":"BreadcrumbList","@id":"https:\/\/www.actionenvironnementbeauvechain.be\/?page_id=2547#breadcrumb","itemListElement":[{"@type":"ListItem","position":1,"name":"Accueil","item":"https:\/\/www.actionenvironnementbeauvechain.be\/"},{"@type":"ListItem","position":2,"name":"2022 Au nom de la beauté&#8230;"}]},{"@type":"WebSite","@id":"https:\/\/www.actionenvironnementbeauvechain.be\/#website","url":"https:\/\/www.actionenvironnementbeauvechain.be\/","name":"Action Environnement Beauvechain asbl","description":"Penser globalement, agir localement","publisher":{"@id":"https:\/\/www.actionenvironnementbeauvechain.be\/#organization"},"potentialAction":[{"@type":"SearchAction","target":{"@type":"EntryPoint","urlTemplate":"https:\/\/www.actionenvironnementbeauvechain.be\/?s={search_term_string}"},"query-input":{"@type":"PropertyValueSpecification","valueRequired":true,"valueName":"search_term_string"}}],"inLanguage":"fr-FR"},{"@type":"Organization","@id":"https:\/\/www.actionenvironnementbeauvechain.be\/#organization","name":"Action Environnement Beauvechain","url":"https:\/\/www.actionenvironnementbeauvechain.be\/","logo":{"@type":"ImageObject","inLanguage":"fr-FR","@id":"https:\/\/www.actionenvironnementbeauvechain.be\/#\/schema\/logo\/image\/","url":"https:\/\/www.actionenvironnementbeauvechain.be\/wp-content\/uploads\/2021\/02\/AEB3.jpg","contentUrl":"https:\/\/www.actionenvironnementbeauvechain.be\/wp-content\/uploads\/2021\/02\/AEB3.jpg","width":584,"height":518,"caption":"Action Environnement Beauvechain"},"image":{"@id":"https:\/\/www.actionenvironnementbeauvechain.be\/#\/schema\/logo\/image\/"},"sameAs":["https:\/\/www.facebook.com\/ActionEnvironnementBeauvechain"]}]}</script>
<!-- / Yoast SEO plugin. -->

2022 Au nom de la beauté... - Action Environnement Beauvechain asbl

Reprise des activités? Espérons… mais attention, le CST sera obligatoire, munissez-vous de vos certificats… et de vos masques!
