{"id":142,"date":"2021-01-02T17:16:15","date_gmt":"2021-01-02T16:16:15","guid":{"rendered":"http:\/\/www.actionenvironnementbeauvechain.be\/?page_id=142"},"modified":"2021-03-24T09:49:39","modified_gmt":"2021-03-24T08:49:39","slug":"presentation-de-lasbl","status":"publish","type":"page","link":"https:\/\/www.actionenvironnementbeauvechain.be\/?page_id=142","title":{"rendered":"Pr\u00e9sentation"},"content":{"rendered":"<p>\u00a0<\/p>\n<p><strong>Fond\u00e9e en 1989 et ASBL (<a href=\"http:\/\/www.actionenvironnementbeauvechain.be\/?page_id=733\">Statuts<\/a>) depuis 1992, Action Environnement Beauvechain a pour objectif g\u00e9n\u00e9ral la d\u00e9fense et la protection de l\u2019environnement, de la nature et de la qualit\u00e9 de la vie, en particulier dans l\u2019entit\u00e9 de Beauvechain et dans ses environs, le tout sans attache politique, ni confessionnelle.<\/strong><\/p>\n<h5><strong>Champs d&rsquo;activit\u00e9s<\/strong><\/h5>\n<ol>\n<li><strong><em> Am\u00e9nagement du territoire<\/em><\/strong><\/li>\n<\/ol>\n<p style=\"padding-left: 40px;\">&#8211;\u00a0\u00a0\u00a0<a href=\"http:\/\/www.actionenvironnementbeauvechain.be\/?page_id=473\">Inventaire des paysages<\/a> et points de vue remarquables de l&rsquo;entit\u00e9.<br \/>&#8211;\u00a0\u00a0\u00a0Repr\u00e9sentation officielle au sein de la Commission Consultative d\u2019Am\u00e9nagement du Territoire et de la Mobilit\u00e9 (CCATM).<br \/>&#8211;\u00a0\u00a0\u00a0Collaboration pour la mise en \u0153uvre d\u2019un Sch\u00e9ma de Structure Communal et d&rsquo;un RCU (R\u00e8glement Communal d&rsquo;Urbanisme). Avec pour pr\u00e9occupations essentielles\u00a0: la protection des zones humides, inondables, d\u2019int\u00e9r\u00eat biologique et d\u2019int\u00e9r\u00eat paysager, ainsi que des \u00e9l\u00e9ments qui pr\u00e9servent le caract\u00e8re rural de notre entit\u00e9.<br \/>&#8211;\u00a0\u00a0\u00a0Participation au Programme Communal de D\u00e9veloppement Rural (PCDR).<br \/>&#8211;\u00a0\u00a0\u00a0<a href=\"http:\/\/www.actionenvironnementbeauvechain.be\/?page_id=231\">Inventaire des sentiers et chemins<\/a> disparus de la commune, avec une s\u00e9rie de propositions concr\u00e8tes pour la sauvegarde et la restauration de plusieurs de ces \u00e9l\u00e9ments du patrimoine rural.<br \/>&#8211;\u00a0\u00a0\u00a0Analyse et \u00e9valuation (propositions concr\u00e8tes incluses) du projet de Sch\u00e9ma de D\u00e9veloppement de l&rsquo;Espace R\u00e9gional (SDER) et du Sch\u00e9ma de d\u00e9veloppement territorial (SDT).<br \/>&#8211;\u00a0\u00a0\u00a0Analyse et \u00e9valuation approfondies (propositions concr\u00e8tes incluses) du projet de <a href=\"http:\/\/www.actionenvironnementbeauvechain.be\/?page_id=288\">renforcement de l&rsquo;attractivit\u00e9 \u00e9conomique<\/a> pour l&rsquo;est du Brabant Wallon, \u00e9labor\u00e9 par l&rsquo;Intercommunale du Brabant Wallon (IBW).<br \/>&#8211;\u00a0\u00a0\u00a0Participation au programme europ\u00e9en de d\u00e9veloppement rural Leader+. Dans le cadre de ce partenariat entre instances communales et monde associatif, AEB adh\u00e8re \u00e0 l\u2019asbl \u00ab GAL &#8211; Culturalit\u00e9 en Hesbaye braban\u00e7onne \u00bb et s\u2019est investie dans un projet de <a href=\"http:\/\/www.actionenvironnementbeauvechain.be\/?page_id=452\">valorisation des paysages<\/a> dans le Canton de Jodoigne.<br \/>&#8211;\u00a0\u00a0\u00a0<a href=\"http:\/\/www.actionenvironnementbeauvechain.be\/?page_id=489\">Propositions\u00a0sur le plan intercommunal de mobilit\u00e9<\/a> pour les communes de Beauvechain, Chaumont-Gistoux, Grez-Doiceau et Incourt.<br \/>&#8211; R\u00e9actions aux enqu\u00eates publiques: Action Environnement Beauvechain analyse r\u00e9guli\u00e8rement les demandes de permis d&rsquo;urbanisme qui peuvent avoir un impact important sur le cadre de vie, l&rsquo;environnement et le caract\u00e8re rural de la commune ou de ses environs (permis de lotir, d\u00e9veloppement d&rsquo;entreprises, implantation d&rsquo;antennes GSM \u2026).<\/p>\n<p>Dans la mesure du possible, AEB fait des propositions constructives afin d&rsquo;assurer une protection optimale de l&rsquo;environnement, ainsi qu\u2019une int\u00e9gration architecturale et paysag\u00e8re des projets. Elle souhaite apporter sa collaboration aux autorit\u00e9s communales dans ces domaines.<\/p>\n<ol start=\"2\">\n<li><strong><em> Protection de la nature<\/em><\/strong><\/li>\n<\/ol>\n<p style=\"padding-left: 40px;\">&#8211;\u00a0\u00a0\u00a0Protection de la faune sauvage des combles et clochers.<br \/>&#8211;\u00a0\u00a0\u00a0Promotion des zones humides et des jardins naturels\u00a0.<br \/>&#8211;\u00a0\u00a0\u00a0Participation active au Plan Communal de D\u00e9veloppement de la Nature (PCDN).<br \/>&#8211;\u00a0\u00a0\u00a0Elaboration d&rsquo;un dossier ayant men\u00e9 \u00e0 la protection de la roseli\u00e8re de Tourinnes-la-Grosse (r\u00e9serve naturelle) et \u00e0 l&rsquo;am\u00e9nagement naturel du bassin d&rsquo;orage de Nodebais.<br \/>&#8211;\u00a0\u00a0\u00a0Elaboration d&rsquo;un dossier d\u00e9taill\u00e9 en vue de la cr\u00e9ation d&rsquo;une r\u00e9serve naturelle situ\u00e9e sur les communes de Beauvechain et de Grez-Doiceau (Site du Marais de Wez &#8211; Pr\u00e9 de Litrange &#8211; Bois St-Nicaise).<br \/>&#8211;\u00a0\u00a0\u00a0Inventaire et suivi botanique des bords de routes soumis au fauchage tardif \u00e0 Beauvechain.<br \/>&#8211;\u00a0\u00a0\u00a0Elaboration d&rsquo;un dossier identifiant les divers groupes phytosociologiques des bords de routes et des talus bois\u00e9s + propositions quant \u00e0 leur mode de gestion le plus appropri\u00e9.<br \/>&#8211;\u00a0\u00a0\u00a0Op\u00e9ration \u00ab\u00a0hirondelles sans fronti\u00e8res\u00a0\u00bb (inventaire et pose de nichoirs), en collaboration avec l\u2019asbl \u00ab\u00a0Het Vossenhol\u00a0\u00bb (Bierbeek).<br \/>&#8211;\u00a0\u00a0\u00a0R\u00e9alisation d\u2019expositions sur divers th\u00e8mes : le maillage \u00e9cologique, le saule, le climat, la biodiversit\u00e9, la for\u00eat\u2026<br \/>&#8211;\u00a0\u00a0\u00a0Propositions de maillage \u00e9cologique \u00e0 Beauvechain<br \/>&#8211;\u00a0\u00a0\u00a0R\u00e9flexions et propositions sur une r\u00e9forme du Code forestier.<\/p>\n<ol start=\"3\">\n<li><strong><em> Contrat de Rivi\u00e8re Dyle et Gette<\/em><\/strong><\/li>\n<\/ol>\n<p style=\"padding-left: 40px;\">&#8211;\u00a0\u00a0\u00a0Participation active \u00e0 la mise en \u0153uvre du \u00ab\u00a0Contrat de Rivi\u00e8re Dyle &#8211; Gette\u00a0\u00bb<br \/>&#8211;\u00a0\u00a0\u00a0D\u00e9termination du taux de pollution de nos rivi\u00e8res.<br \/>&#8211;\u00a0\u00a0\u00a0Eradication de la Balsamine de l\u2019Himalaya (plante invasive).<\/p>\n<ol start=\"4\">\n<li><strong><em> Pr\u00e9vention et gestion des d\u00e9chets :<\/em><\/strong><\/li>\n<\/ol>\n<p style=\"padding-left: 40px;\">&#8211;\u00a0\u00a0\u00a0Promotion de l&rsquo;implantation de bulles et d\u2019un parc \u00e0 conteneurs, collecte de d\u00e9chets toxiques.<br \/>&#8211;\u00a0\u00a0\u00a0Promotion de l\u2019\u00e9co-consommation.<br \/>&#8211;\u00a0\u00a0\u00a0Analyse et \u00e9valuation du\u00a0Plan wallon des D\u00e9chets.<br \/>&#8211;\u00a0 \u00a0Participation \u00e0 l\u2019op\u00e9ration WAPP pour une Wallonie plus propre.<\/p>\n<ol start=\"5\">\n<li><strong><em> Sensibilisation<\/em><\/strong><\/li>\n<\/ol>\n<p style=\"padding-left: 40px;\">&#8211;\u00a0\u00a0\u00a0Exposition annuelle dans le cadre \u00a0des f\u00eates de la Saint-Martin.<br \/>&#8211;\u00a0 \u00a0Organisation de promenades guid\u00e9es\u2026<br \/>&#8211;\u00a0 \u00a0Site Web et page Facebook<\/p>\n<h5><strong>Collaborations et partenariats<br \/><\/strong>Pour ses actions, AEB s\u2019appuie sur la collaboration avec diverses associations, ainsi que sur des partenariats\u00a0:<\/h5>\n<ul>\n<li><a href=\"https:\/\/www.lesamisduparcdeladyle.be\/accueil\">Amis du Parc de la Dyle<\/a><\/li>\n<li><a href=\"http:\/\/www.rialasbl.be\/\">RIAL\u00a0\u00a0<\/a><\/li>\n<li><a href=\"https:\/\/www.natagora.be\/\">Natagora<\/a><\/li>\n<li><a href=\"https:\/\/www.groupesentiers.be\/\">Groupe sentiers Chaumont-Gistoux<\/a><\/li>\n<li><a href=\"http:\/\/petitejauce.be\/\">La petite Jauce<\/a><\/li>\n<li><a href=\"https:\/\/lahulpeenvironnement.blogspot.com\/\">La Hulpe Environnement<\/a><\/li>\n<li><a href=\"http:\/\/crdg.eu\/\">Contrat de rivi\u00e8re Dyle-Gette<\/a><\/li>\n<li><a href=\"https:\/\/culturalite.be\/\">GAL Culturalit\u00e9 en Hesbaye braban\u00e7onne\u00a0 (programme Leader+)<\/a><\/li>\n<li><a href=\"https:\/\/www.iew.be\/\">Inter-Environnement Wallonie<\/a><\/li>\n<li><a href=\"https:\/\/www.vhm.be\/\">Vrienden van Heverleebos en Meerdaalwoud<\/a>\u00a0<\/li>\n<li><a href=\"http:\/\/natuurpuntoostbrabant.be\/\">Natuurpunt Oost Brabant\u00a0<\/a><\/li>\n<li><a href=\"http:\/\/www.belgonatura.be\/\">l\u2019Entente Nationale de Protection de la Nature<\/a><\/li>\n<li><a href=\"https:\/\/lecentreculturel.be\/\">Centre culturel de Beauvechain\u00a0<\/a><\/li>\n<li><a href=\"https:\/\/aeraquaterra.wordpress.com\/\">Aer Aqua Terra<\/a><\/li>\n<li><a href=\"https:\/\/www.facebook.com\/ContournementNordDeWavre\/\">Non au contournement nord de Wavre (Fb)<\/a><\/li>\n<li><a href=\"https:\/\/www.contournement-nord-de-wavre.be\/\">Non au contournement nord de Wavre (Site)<\/a><\/li>\n<li><a href=\"http:\/\/www.belgonatura.be\/\">Entente Nationale pour la Protection de la Nature<\/a><\/li>\n<li><a href=\"https:\/\/www.facebook.com\/Natuurgids-oud-heverlee-155463574611526\/\">Natuurgids Oud-Heverlee<\/a><\/li>\n<li><a href=\"http:\/\/climactes.org\/qui-sommes-nous-2\/\">ClimActes<\/a><\/li>\n<\/ul>\n<h5><strong>Agr\u00e9ation<br \/><\/strong>AEB est agr\u00e9\u00e9 par le Minist\u00e8re de la R\u00e9gion wallonne en tant qu&rsquo;organisme d&rsquo;\u00e9ducation \u00e0 la nature et aux for\u00eats et \u00e0 ce titre re\u00e7oit des subsides pour ses activit\u00e9s de sensibilisation.<\/h5>\n<h5><strong>Mode de fonctionnement<\/strong><\/h5>\n<p style=\"padding-left: 40px;\">&#8211;\u00a0 \u00a0B\u00e9n\u00e9volat.<br \/>&#8211;\u00a0 \u00a0R\u00e9unions mensuelles, ouvertes aux membres.<br \/>&#8211;\u00a0 \u00a0Projets et activit\u00e9s r\u00e9alis\u00e9s sur fonds propres, en partenariat ou dans le cadre de conventions de subventionnement.<\/p>\n\n\n<p><\/p>\n","protected":false},"excerpt":{"rendered":"<p>\u00a0 Fond\u00e9e en 1989 et ASBL (Statuts) depuis 1992, Action Environnement Beauvechain a pour objectif g\u00e9n\u00e9ral la d\u00e9fense et la protection de l\u2019environnement, de la nature et de la qualit\u00e9 de la vie, en particulier dans l\u2019entit\u00e9 de Beauvechain et dans ses environs, le tout sans attache politique, ni confessionnelle. Champs d&rsquo;activit\u00e9s Am\u00e9nagement du territoire &hellip;<\/p>\n<p class=\"read-more\"> <a class=\"\" href=\"https:\/\/www.actionenvironnementbeauvechain.be\/?page_id=142\"> <span class=\"screen-reader-text\">Pr\u00e9sentation<\/span> Lire la suite\u00a0\u00bb<\/a><\/p>\n","protected":false},"author":1,"featured_media":0,"parent":0,"menu_order":0,"comment_status":"closed","ping_status":"closed","template":"","meta":{"site-sidebar-layout":"left-sidebar","site-content-layout":"default","ast-main-header-display":"","ast-hfb-above-header-display":"","ast-hfb-below-header-display":"","ast-hfb-mobile-header-display":"","site-post-title":"","ast-breadcrumbs-content":"","ast-featured-img":"disabled","footer-sml-layout":"disabled","theme-transparent-header-meta":"default","adv-header-id-meta":"","stick-header-meta":"","header-above-stick-meta":"","header-main-stick-meta":"","header-below-stick-meta":"","footnotes":""},"class_list":["post-142","page","type-page","status-publish","hentry"],"yoast_head":"<!-- This site is optimized with the Yoast SEO plugin v27.3 - https:\/\/yoast.com\/product\/yoast-seo-wordpress\/ -->\n<title>Pr\u00e9sentation - Action Environnement Beauvechain asbl<\/title>\n<meta name=\"robots\" content=\"index, follow, max-snippet:-1, max-image-preview:large, max-video-preview:-1\" \/>\n<link rel=\"canonical\" href=\"https:\/\/www.actionenvironnementbeauvechain.be\/?page_id=142\" \/>\n<meta property=\"og:locale\" content=\"fr_FR\" \/>\n<meta property=\"og:type\" content=\"article\" \/>\n<meta property=\"og:title\" content=\"Pr\u00e9sentation - Action Environnement Beauvechain asbl\" \/>\n<meta property=\"og:description\" content=\"\u00a0 Fond\u00e9e en 1989 et ASBL (Statuts) depuis 1992, Action Environnement Beauvechain a pour objectif g\u00e9n\u00e9ral la d\u00e9fense et la protection de l\u2019environnement, de la nature et de la qualit\u00e9 de la vie, en particulier dans l\u2019entit\u00e9 de Beauvechain et dans ses environs, le tout sans attache politique, ni confessionnelle. Champs d&rsquo;activit\u00e9s Am\u00e9nagement du territoire &hellip; Pr\u00e9sentation Lire la suite\u00a0\u00bb\" \/>\n<meta property=\"og:url\" content=\"https:\/\/www.actionenvironnementbeauvechain.be\/?page_id=142\" \/>\n<meta property=\"og:site_name\" content=\"Action Environnement Beauvechain asbl\" \/>\n<meta property=\"article:publisher\" content=\"https:\/\/www.facebook.com\/ActionEnvironnementBeauvechain\" \/>\n<meta property=\"article:modified_time\" content=\"2021-03-24T08:49:39+00:00\" \/>\n<meta name=\"twitter:card\" content=\"summary_large_image\" \/>\n<meta name=\"twitter:label1\" content=\"Dur\u00e9e de lecture estim\u00e9e\" \/>\n\t<meta name=\"twitter:data1\" content=\"4 minutes\" \/>\n<script type=\"application\/ld+json\" class=\"yoast-schema-graph\">{\"@context\":\"https:\\\/\\\/schema.org\",\"@graph\":[{\"@type\":\"WebPage\",\"@id\":\"https:\\\/\\\/www.actionenvironnementbeauvechain.be\\\/?page_id=142\",\"url\":\"https:\\\/\\\/www.actionenvironnementbeauvechain.be\\\/?page_id=142\",\"name\":\"Pr\u00e9sentation - Action Environnement Beauvechain asbl\",\"isPartOf\":{\"@id\":\"https:\\\/\\\/www.actionenvironnementbeauvechain.be\\\/#website\"},\"datePublished\":\"2021-01-02T16:16:15+00:00\",\"dateModified\":\"2021-03-24T08:49:39+00:00\",\"breadcrumb\":{\"@id\":\"https:\\\/\\\/www.actionenvironnementbeauvechain.be\\\/?page_id=142#breadcrumb\"},\"inLanguage\":\"fr-FR\",\"potentialAction\":[{\"@type\":\"ReadAction\",\"target\":[\"https:\\\/\\\/www.actionenvironnementbeauvechain.be\\\/?page_id=142\"]}]},{\"@type\":\"BreadcrumbList\",\"@id\":\"https:\\\/\\\/www.actionenvironnementbeauvechain.be\\\/?page_id=142#breadcrumb\",\"itemListElement\":[{\"@type\":\"ListItem\",\"position\":1,\"name\":\"Accueil\",\"item\":\"https:\\\/\\\/www.actionenvironnementbeauvechain.be\\\/\"},{\"@type\":\"ListItem\",\"position\":2,\"name\":\"Pr\u00e9sentation\"}]},{\"@type\":\"WebSite\",\"@id\":\"https:\\\/\\\/www.actionenvironnementbeauvechain.be\\\/#website\",\"url\":\"https:\\\/\\\/www.actionenvironnementbeauvechain.be\\\/\",\"name\":\"Action Environnement Beauvechain asbl\",\"description\":\"Penser globalement, agir localement\",\"publisher\":{\"@id\":\"https:\\\/\\\/www.actionenvironnementbeauvechain.be\\\/#organization\"},\"potentialAction\":[{\"@type\":\"SearchAction\",\"target\":{\"@type\":\"EntryPoint\",\"urlTemplate\":\"https:\\\/\\\/www.actionenvironnementbeauvechain.be\\\/?s={search_term_string}\"},\"query-input\":{\"@type\":\"PropertyValueSpecification\",\"valueRequired\":true,\"valueName\":\"search_term_string\"}}],\"inLanguage\":\"fr-FR\"},{\"@type\":\"Organization\",\"@id\":\"https:\\\/\\\/www.actionenvironnementbeauvechain.be\\\/#organization\",\"name\":\"Action Environnement Beauvechain\",\"url\":\"https:\\\/\\\/www.actionenvironnementbeauvechain.be\\\/\",\"logo\":{\"@type\":\"ImageObject\",\"inLanguage\":\"fr-FR\",\"@id\":\"https:\\\/\\\/www.actionenvironnementbeauvechain.be\\\/#\\\/schema\\\/logo\\\/image\\\/\",\"url\":\"https:\\\/\\\/www.actionenvironnementbeauvechain.be\\\/wp-content\\\/uploads\\\/2021\\\/02\\\/AEB3.jpg\",\"contentUrl\":\"https:\\\/\\\/www.actionenvironnementbeauvechain.be\\\/wp-content\\\/uploads\\\/2021\\\/02\\\/AEB3.jpg\",\"width\":584,\"height\":518,\"caption\":\"Action Environnement Beauvechain\"},\"image\":{\"@id\":\"https:\\\/\\\/www.actionenvironnementbeauvechain.be\\\/#\\\/schema\\\/logo\\\/image\\\/\"},\"sameAs\":[\"https:\\\/\\\/www.facebook.com\\\/ActionEnvironnementBeauvechain\"]}]}<\/script>\n<!-- \/ Yoast SEO plugin. -->","yoast_head_json":{"title":"Pr\u00e9sentation - Action Environnement Beauvechain asbl","robots":{"index":"index","follow":"follow","max-snippet":"max-snippet:-1","max-image-preview":"max-image-preview:large","max-video-preview":"max-video-preview:-1"},"canonical":"https:\/\/www.actionenvironnementbeauvechain.be\/?page_id=142","og_locale":"fr_FR","og_type":"article","og_title":"Pr\u00e9sentation - Action Environnement Beauvechain asbl","og_description":"\u00a0 Fond\u00e9e en 1989 et ASBL (Statuts) depuis 1992, Action Environnement Beauvechain a pour objectif g\u00e9n\u00e9ral la d\u00e9fense et la protection de l\u2019environnement, de la nature et de la qualit\u00e9 de la vie, en particulier dans l\u2019entit\u00e9 de Beauvechain et dans ses environs, le tout sans attache politique, ni confessionnelle. Champs d&rsquo;activit\u00e9s Am\u00e9nagement du territoire &hellip; Pr\u00e9sentation Lire la suite\u00a0\u00bb","og_url":"https:\/\/www.actionenvironnementbeauvechain.be\/?page_id=142","og_site_name":"Action Environnement Beauvechain asbl","article_publisher":"https:\/\/www.facebook.com\/ActionEnvironnementBeauvechain","article_modified_time":"2021-03-24T08:49:39+00:00","twitter_card":"summary_large_image","twitter_misc":{"Dur\u00e9e de lecture estim\u00e9e":"4 minutes"},"schema":{"@context":"https:\/\/schema.org","@graph":[{"@type":"WebPage","@id":"https:\/\/www.actionenvironnementbeauvechain.be\/?page_id=142","url":"https:\/\/www.actionenvironnementbeauvechain.be\/?page_id=142","name":"Pr\u00e9sentation - Action Environnement Beauvechain asbl","isPartOf":{"@id":"https:\/\/www.actionenvironnementbeauvechain.be\/#website"},"datePublished":"2021-01-02T16:16:15+00:00","dateModified":"2021-03-24T08:49:39+00:00","breadcrumb":{"@id":"https:\/\/www.actionenvironnementbeauvechain.be\/?page_id=142#breadcrumb"},"inLanguage":"fr-FR","potentialAction":[{"@type":"ReadAction","target":["https:\/\/www.actionenvironnementbeauvechain.be\/?page_id=142"]}]},{"@type":"BreadcrumbList","@id":"https:\/\/www.actionenvironnementbeauvechain.be\/?page_id=142#breadcrumb","itemListElement":[{"@type":"ListItem","position":1,"name":"Accueil","item":"https:\/\/www.actionenvironnementbeauvechain.be\/"},{"@type":"ListItem","position":2,"name":"Pr\u00e9sentation"}]},{"@type":"WebSite","@id":"https:\/\/www.actionenvironnementbeauvechain.be\/#website","url":"https:\/\/www.actionenvironnementbeauvechain.be\/","name":"Action Environnement Beauvechain asbl","description":"Penser globalement, agir localement","publisher":{"@id":"https:\/\/www.actionenvironnementbeauvechain.be\/#organization"},"potentialAction":[{"@type":"SearchAction","target":{"@type":"EntryPoint","urlTemplate":"https:\/\/www.actionenvironnementbeauvechain.be\/?s={search_term_string}"},"query-input":{"@type":"PropertyValueSpecification","valueRequired":true,"valueName":"search_term_string"}}],"inLanguage":"fr-FR"},{"@type":"Organization","@id":"https:\/\/www.actionenvironnementbeauvechain.be\/#organization","name":"Action Environnement Beauvechain","url":"https:\/\/www.actionenvironnementbeauvechain.be\/","logo":{"@type":"ImageObject","inLanguage":"fr-FR","@id":"https:\/\/www.actionenvironnementbeauvechain.be\/#\/schema\/logo\/image\/","url":"https:\/\/www.actionenvironnementbeauvechain.be\/wp-content\/uploads\/2021\/02\/AEB3.jpg","contentUrl":"https:\/\/www.actionenvironnementbeauvechain.be\/wp-content\/uploads\/2021\/02\/AEB3.jpg","width":584,"height":518,"caption":"Action Environnement Beauvechain"},"image":{"@id":"https:\/\/www.actionenvironnementbeauvechain.be\/#\/schema\/logo\/image\/"},"sameAs":["https:\/\/www.facebook.com\/ActionEnvironnementBeauvechain"]}]}},"_links":{"self":[{"href":"https:\/\/www.actionenvironnementbeauvechain.be\/index.php?rest_route=\/wp\/v2\/pages\/142","targetHints":{"allow":["GET"]}}],"collection":[{"href":"https:\/\/www.actionenvironnementbeauvechain.be\/index.php?rest_route=\/wp\/v2\/pages"}],"about":[{"href":"https:\/\/www.actionenvironnementbeauvechain.be\/index.php?rest_route=\/wp\/v2\/types\/page"}],"author":[{"embeddable":true,"href":"https:\/\/www.actionenvironnementbeauvechain.be\/index.php?rest_route=\/wp\/v2\/users\/1"}],"replies":[{"embeddable":true,"href":"https:\/\/www.actionenvironnementbeauvechain.be\/index.php?rest_route=%2Fwp%2Fv2%2Fcomments&post=142"}],"version-history":[{"count":26,"href":"https:\/\/www.actionenvironnementbeauvechain.be\/index.php?rest_route=\/wp\/v2\/pages\/142\/revisions"}],"predecessor-version":[{"id":2240,"href":"https:\/\/www.actionenvironnementbeauvechain.be\/index.php?rest_route=\/wp\/v2\/pages\/142\/revisions\/2240"}],"wp:attachment":[{"href":"https:\/\/www.actionenvironnementbeauvechain.be\/index.php?rest_route=%2Fwp%2Fv2%2Fmedia&parent=142"}],"curies":[{"name":"wp","href":"https:\/\/api.w.org\/{rel}","templated":true}]}}